at is the units digit of x?
0
Let a(u) = -5*u - 6. Let c be a(-6). Let x(q) = q**2 - 7*q - 6. Let w be x(8). Suppose 5*d - l - c = -w*l, 0 = 3*d - 2*l - 4. What is the units digit of d?
4
What is the hundreds digit of 56340/25 + 7 + (-172)/20?
2
Let g be (-15)/(-105) - 5402/(-14). Let b = g - 217. What is the hundreds digit of b?
1
Let b(v) = v - 2. Let r be b(-11). Let s = -8 - r. Suppose -5*y + 17 + 48 = -s*c, -c = -5*y + 85. What is the units digit of y?
8
Suppose 4*z - 14351 = 6*l - 9*l, 3*z = 3*l + 10758. What is the tens digit of z?
8
Let w = 28 - 35. Let b = 61 + w. What is the units digit of b?
4
Let t be (-2)/(-5) - (-7861)/35. Suppose -5*a = -8*a - t. Let r = -34 - a. What is the units digit of r?
1
Let q(p) = -p**3 + 4*p**2 - 2*p - 8. Let g be q(5). Let c = g - -148. What is the units digit of c?
5
Let a = -12 - -17. Suppose h = 3*k - 1, 3*k - 2*h = -a*h - 3. Suppose k = 2*x - 32 - 4. What is the tens digit of x?
1
Let n(k) = -k + 1. Let j(o) = 3*o + 0*o + o + 14. Let s(x) = j(x) + 5*n(x). What is the units digit of s(11)?
8
Let o(j) = -3*j**3 + 2*j**2 - 2*j + 1. Let w(l) = l**3 - 11*l**2 - 13*l + 13. Let s be w(12). Let x be o(s). What is the units digit of (-3)/2*x - -44?
7
Let f be -2*1*24/(-16). Let j(o) = 8*o + 2. Let y be j(1). Suppose -f*s + y = -29. What is the units digit of s?
3
Let n(o) = -5*o + 4. Let r = 10 - 6. Let k be (2 - r) + 3 + -5. What is the tens digit of n(k)?
2
Suppose u = -0*u - 3*k + 246, 4*k = -2*u + 486. What is the units digit of u?
7
Let y(k) = -42*k + 21. Suppose 0 = 5*d - 7 - 38. Let h be y(d). What is the tens digit of (h/(-35))/(2/10)?
5
What is the units digit of (6/12)/((-1 - -7)/5556)?
3
Let u(w) = 874*w - 698. What is the units digit of u(5)?
2
Let i(o) be the first derivative of 7*o**2/2 - 3*o + 7. Let l be i(3). Suppose -t + 4 = -0*t, -2*m - 3*t + l = 0. What is the units digit of m?
3
Suppose 1388*h = 1391*h - 10641. What is the thousands digit of h?
3
Suppose -18*s - 5352 = -24*s. What is the tens digit of s?
9
Suppose 3*r - 186 = r + 2*q, -r + 93 = -3*q. Suppose 0*p = -3*p + r. What is the units digit of p?
1
Suppose 5*v - 47 = -3*p, 5*v - 30 = -2*p + 3*v. Suppose -2*q + 13 = x, p + 22 = 3*q - 4*x. Let a = 21 + q. What is the units digit of a?
9
Suppose -12 = -2*y - 4*j, 0 = -3*y + 4*j - 2. Suppose -1 = -0*g + g. Let f = g + y. What is the units digit of f?
1
Let d(h) = 2*h**2 + 4*h + 4. Let c be (3 + 9/6)/((-1)/2). What is the tens digit of d(c)?
3
Suppose k = 142 - 43. Let x be (-6)/6 + (-6)/(-2). Suppose -x*y + k = y. What is the tens digit of y?
3
Let q(o) = -17*o**2 + 17*o + 20. Let g(r) = 6*r**2 - 6*r - 7. Let v(n) = -11*g(n) - 4*q(n). What is the units digit of v(-6)?
1
Let g be (-1 + -2)*(-258)/(-9). Let m(r) = 27*r**2 + 5*r + 3. Let l be m(2). Let t = g + l. What is the tens digit of t?
3
Let u be -2 - 950/(-3) - (-18)/(-27). Let h = u + -186. What is the tens digit of h?
2
Let s(r) = 28*r**3 - 2*r**2 - r - 2. Let w be s(-2). Let u = w + 462. What is the hundreds digit of u?
2
Suppose c + 2268 = 2*r, 0 = -2*r - 3*c - 1368 + 3620. What is the units digit of r?
2
Let m(p) = 4*p**2 - 2*p + 11. Let h(y) = -y**3 - 13*y**2 + 14*y - 6. Let i be h(-14). What is the tens digit of m(i)?
6
Let u(f) = 3*f**2 + f + 1. Suppose 4*k + 10 = -2*n, -2*k = -6*k - 4. What is the tens digit of u(n)?
2
Let c = 14 - 9. Let s(w) = w**2 - 4*w + 1. Let d(f) = 2*f**2 - 7*f + 3. Let a(q) = 2*d(q) - 5*s(q). What is the units digit of a(c)?
6
Let n(h) be the second derivative of 51*h**4/4 - h**3/3 - h**2 - 25*h. What is the hundreds digit of n(-1)?
1
Let v(i) = 14*i**3 + 9*i**2 + 11*i + 12. Let f be v(-5). What is the units digit of f/(-84)*(-6)/(-4)?
8
Let d(y) = -6*y**3 + 2*y**2 + 3*y - 2. Let j be d(2). Let z = j + 124. What is the units digit of z?
8
Let r(f) = f**3 - 28*f**2 + 34*f + 13. What is the hundreds digit of r(27)?
2
Let w be 15/2*(-20)/(-30). Suppose -w*d - 12 = -4*d. What is the tens digit of d/4*(-120)/9?
4
Suppose 8*b - 2*b = 2*b. Suppose s - 3*c = -b*c + 111, -c - 247 = -2*s. What is the hundreds digit of s?
1
Let w be ((-8)/(-12))/((-4)/(-42)). Let y = w - -24. Suppose y = 4*q - 4*s + 11, -2*q = -3*s - 6. What is the units digit of q?
9
Let n = 186 - -255. What is the tens digit of n?
4
Let g be (1 - (3 + -1))*1. What is the hundreds digit of g*(-417)/(-9)*-3?
1
Suppose 2*i - 18 = 4*s, -i + 2*i = -s. Let r(l) = -l**3 - l**2 + 4*l - 1. Let k be r(s). Suppose -k*f + 91 = 16. What is the units digit of f?
5
Suppose 2*q - 16*n = -11*n + 713, 2*q = -n + 719. What is the units digit of q?
9
Let o(r) = r - 1. Let p be o(4). Suppose 13 + p = 4*k. Suppose k*m - 9 = 27. What is the units digit of m?
9
Let g(v) = -v**2 - 776. Let z(l) = -l**2 + 14*l - 13. Let t be z(13). Let p be g(t). What is the units digit of p/(-26) - (-12)/78?
0
Suppose -41*n + 19222 = -29773. What is the hundreds digit of n?
1
Suppose 3*n - 6742 = 9*v - 13*v, n + 5*v = 2240. What is the hundreds digit of n?
2
What is the units digit of 26*-5*(-2)/20?
3
Let p(x) = -20*x**2 + 2. Let t be p(2). Let a = t - -143. Suppose 0 = b + 4*b - a. What is the units digit of b?
3
Let a be (-7)/(-3) - 12/36. Suppose -m + 3*m + a = 0. What is the units digit of 4 - (3 - (m + 1))?
1
Suppose -c + 5*b + 465 = -143, 1790 = 3*c + 2*b. What is the tens digit of c?
9
Suppose -32*r + 43*r - 51359 = 0. What is the thousands digit of r?
4
What is the units digit of 1656/((-12)/6)*6/(-9)?
2
Let v(s) = -s**3 - 9*s**2 + 13*s. Let r be v(-10). Let b = 12 - r. What is the units digit of b?
2
Let l = -1722 - -3058. What is the units digit of l?
6
Suppose 0 = -8*r + 3 - 67. Let f = 3 + -3. Let b = f - r. What is the units digit of b?
8
Let l = 4 + 316. Let t be (6/(-15))/((-2)/l). What is the tens digit of 2/((-4)/t*-2)?
1
Suppose 388 = 5*h - h - 4*d, 4*d = 12. Suppose -p + h + 65 = 0. What is the tens digit of p?
6
Let k = 220 - 92. Suppose -64 = -4*w + k. What is the tens digit of w?
4
Let h = -46 - -51. Let b = 8 - 5. Suppose -6*t + 2*t + 175 = -b*v, 0 = -h*t + 5*v + 225. What is the units digit of t?
0
Let q = -598 - -1810. What is the thousands digit of q?
1
Suppose -3*v = -2*d + 1088, -2176 = -4*d + 22*v - 21*v. What is the units digit of d?
4
Let h = 274 - 184. Let t be h/(-4) - (-10)/(-20). Let f = 27 + t. What is the units digit of f?
4
Suppose -8*f + 144 + 56 = 0. Let a = f - -30. What is the tens digit of a?
5
Let g = -84 + 83. What is the units digit of 0 + g - -2 - -77?
8
Let z(n) = -52*n + 2. What is the tens digit of z(-15)?
8
Suppose 27*q + 243 = 28*q. Suppose -5*o + 2*o = -q. Let g = o + -37. What is the units digit of g?
4
Let v(x) = 0 - 4 - 9 - 15*x + 1. Suppose 6*q + 8 = 4*q. What is the tens digit of v(q)?
4
Suppose 31*x - 63*x = -49984. What is the units digit of x?
2
Let y be ((-4)/6)/((-10)/(-75)). Let n = -11 + y. Let f = -5 - n. What is the tens digit of f?
1
Let d(t) be the third derivative of t**4/24 + 4*t**3/3 + 3*t**2. Let k be d(-4). Suppose -k*f + 44 + 64 = 0. What is the units digit of f?
7
Let y(d) = -1964*d**3 - 4*d**2 + d + 3. What is the hundreds digit of y(-1)?
9
Suppose 2 = q - 1. Let l(j) = 7*j + 3*j + 2*j + q*j**2 - 9 - 9*j. What is the units digit of l(-4)?
7
Let h(z) = z**2 + z + 2. Suppose 0 + 6 = -3*s. Let u be h(s). Suppose -p + 29 = f, -u*f - 4*p = -f - 88. What is the units digit of f?
8
Let d be 6/(-8) - (-52)/(-16). Suppose -3*p - 362 - 166 = 0. What is the units digit of (-3)/(-6*d/p)?
2
Suppose 452*c = 461*c - 11502. What is the hundreds digit of c?
2
What is the tens digit of (1796/(-6))/(8/(-84))?
4
Suppose -40*u = -48*u + 6264. What is the hundreds digit of u?
7
Suppose w = 6*w. Suppose -77*m + 74*m + 351 = w. What is the hundreds digit of m?
1
Let q(w) = -21*w + 22. Let u be q(-12). Let m = u + -160. What is the tens digit of m?
1
Let m(s) = -s**3 - 46*s**2 - 46*s + 122. What is the tens digit of m(-45)?
6
Suppose 15*d + 543 - 7323 = 0. What is the units digit of d?
2
Let y be (-3)/(3*(-1)/(-18)). Let d = y + 21. Suppose 125 = 2*l + d*l. What is the units digit of l?
5
Let v(d) = 6*d**3 + d**2. Let x be v(1). What is the units digit of (-1544)/(-14) - 2/x?
0
Let c = -5 - -5. Suppose a + 10 - 27 = 3*d, -21 = -a + 4*d. Suppose -r + a*r = c, -r = -2*f + 74. What is the units digit of f?
7
Let s be (145/4)/(